ase 2.
11101100011010
-11024104 (base 5) to base 6
-2014133
What is 1220131 (base 4) in base 16?
1a1d
Convert -1732 (base 15) to base 13.
-2375
What is -1020 (base 9) in base 13?
-456
-2042 (base 11) to base 9
-3638
Convert -1b9 (base 12) to base 14.
-165
What is 1002100 (base 3) in base 16?
318
-c68 (base 14) to base 11
-1922
12103 (base 6) to base 10
1767
1543 (base 15) to base 3
20021000
Convert -256 (base 10) to base 6.
-1104
701 (base 10) to base 8
1275
What is -20021212 (base 3) in base 9?
-6255
What is 4132a (base 11) in base 3?
10001200222
-927 (base 11) to base 13
-680
-159 (base 14) to base 5
-2100
Convert -826 (base 9) to base 2.
-1010100000
What is -85 (base 12) in base 2?
-1100101
What is 3c9 (base 13) in base 3?
220220
261 (base 8) to base 14
c9
What is 2301311 (base 4) in base 11?
8607
2c (base 13) to base 2
100110
What is -1ab6 (base 13) in base 11?
-303a
Convert 254 (base 12) to base 5.
2402
What is -71 (base 15) in base 14?
-78
325 (base 8) to base 12
159
Convert -4caa (base 13) to base 15.
-33a6
Convert 17ef (base 16) to base 15.
1c37
Convert 135 (base 11) to base 15.
a9
What is -230114 (base 7) in base 9?
-62058
Convert 6606 (base 8) to base 12.
2006
Convert -11011111 (base 2) to base 7.
-436
What is 672a (base 12) in base 2?
10110010010010
Convert 1100000111 (base 2) to base 13.
478
What is 1c18 (base 15) in base 14?
2318
What is -2010222 (base 3) in base 12?
-aa5
a81 (base 12) to base 8
3001
-2d4 (base 14) to base 7
-1454
Convert -4a9 (base 12) to base 11.
-591
1000111101 (base 2) to base 6
2353
Convert -142303 (base 7) to base 9.
-41334
What is 100101000011 (base 2) in base 13?
1105
Convert 11010232 (base 4) to base 12.
1003a
142030 (base 5) to base 12
34aa
23230 (base 9) to base 6
155430
Convert 52392 (base 10) to base 14.
15144
What is -11301 (base 5) in base 9?
-1117
What is -10001100100 (base 2) in base 8?
-2144
What is -7856 (base 9) in base 6?
-42510
Convert 110011010 (base 2) to base 13.
257
Convert 144423 (base 6) to base 4.
3122133
Convert 3504 (base 6) to base 11.
697
What is 1110123 (base 4) in base 12?
3163
Convert -120120 (base 3) to base 11.
-352
What is 79c (base 16) in base 2?
11110011100
-3301 (base 6) to base 9
-1031
What is -5981 (base 16) in base 5?
-1213123
Convert -175d (base 16) to base 11.
-4548
Convert 546 (base 8) to base 16.
166
-b0b1 (base 12) to base 13
-8935
1431 (base 6) to base 15
1a4
What is -2010 (base 4) in base 8?
-204
Convert -3a8d (base 14) to base 9.
-15133
2010012 (base 3) to base 12
a88
Convert 1066 (base 9) to base 12.
559
-24936 (base 13) to base 9
-112503
What is 88 (base 12) in base 16?
68
-176 (base 10) to base 4
-2300
-12302 (base 5) to base 13
-583
What is -34004 (base 5) in base 15?
-a89
What is -48a (base 13) in base 7?
-2206
-29bd (base 15) to base 8
-21371
What is -14662 (base 12) in base 13?
-1001c
What is bc3 (base 13) in base 2?
11111100010
Convert -457 (base 13) to base 15.
-34d
Convert 2a (base 16) to base 15.
2c
What is -48da (base 14) in base 3?
-122110201
What is -4 (base 16) in base 11?
-4
Convert -21051 (base 6) to base 2.
-101100010111
What is -1616 (base 8) in base 15?
-40a
What is 24ba (base 12) in base 8?
10116
-1643 (base 10) to base 15
-748
-469 (base 10) to base 12
-331
What is -3029 (base 14) in base 15?
-26b4
Convert 2464 (base 14) to base 7.
24354
11020120 (base 3) to base 5
44333
Convert 201302 (base 4) to base 6.
14002
14513 (base 7) to base 4
332330
Convert -3446 (base 8) to base 7.
-5223
Convert -11011111110 (base 2) to base 10.
-1790
1109 (base 12) to base 2
11101011001
What is 1110122 (base 3) in base 13?
644
What is -24536 (base 7) in base 11?
-4930
Convert -1224 (base 5) to base 6.
-513
Convert 4341 (base 5) to base 16.
254
What is -a4 (base 15) in base 9?
-181
Convert 20102121 (base 3) to base 12.
2867
-2642 (base 8) to base 16
-5a2
-86 (base 15) to base 7
-240
1a750 (base 12) to base 4
21202230
4222430 (base 5) to base 12
34879
Convert 2c96 (base 14) to base 7.
32146
121 (base 10) to base 14
89
Convert -122015 (base 8) to base 10.
-41997
What is 111300 (base 4) in base 15?
62c
Convert 5e8c (base 16) to base 10.
24204
5701 (base 9) to base 3
12210001
What is -b8e (base 15) in base 9?
-3518
What is 259a (base 12) in base 6?
31514
-4060 (base 7) to base 4
-112012
617 (base 9) to base 5
4002
Convert 23232021 (base 4) to base 9.
72763
What is 228 (base 10) in base 5?
1403
Convert -2321 (base 4) to base 14.
-d3
-22342 (base 5) to base 14
-821
What is 5597 (base 14) in base 15?
45dd
What is 2b0 (base 13) in base 8?
741
-1270 (base 8) to base 12
-4a0
What is 6121 (base 14) in base 4?
10010301
Convert -3499 (base 15) to base 7.
-44364
410d (base 14) to base 8
25661
Convert -4541 (base 8) to base 16.
-961
1664 (base 10) to base 5
23124
19998 (base 10) to base 3
1000102200
-4028 (base 11) to base 9
-7308
3556 (base 7) to base 3
1210201
-336 (base 9) to base 5
-2101
What is -3dd (base 15) in base 10?
-883
Convert -127 (base 16) to base 14.
-171
What is 2132323 (base 5) in base 12?
19210
What is 2140 (base 11) in base 15?
c87
What is -10000110110001 (base 2) in base 7?
-34101
What is 161 (base 16) in base 9?
432
What is 33162 (base 7) in base 3?
102102100
What is 133021 (base 4) in base 12?
11a1
4568 (base 9) to base 13
1703
Convert -c8c (base 13) to base 12.
-12a8
Convert -33a2 (base 13) to base 10.
-7230
-21233 (base 5) to base 3
-1222110
-1163 (base 8) to base 13
-393
1011111111 (base 2) to base 4
23333
What is 330445 (base 7) in base 11?
3a514
What is 242353 (base 6) in base 16?
533d
What is -699a (base 16) in base 9?
-41067
What is -4064 (base 7) in base 9?
-1845
-3416 (base 7) to base 16
-4d6
Convert -1568 (base 11) to base 8.
-3732
10000220 (base 3) to base 16
8a3
Convert -3094 (base 12) to base 3.
-21021011
What is 8c93 (base 13) in base 12?
b4b8
Convert -59 (base 10) to base 5.
-214
Convert -350 (base 6) to base 15.
-93
-204e (base 15) to base 4
-1222220
What is 85ed (base 15) in base 9?
42787
Convert -10100111110 (base 2) to base 14.
-6bc
What is -53 (base 16) in base 13?
-65
What is 2121113 (base 4) in base 5?
303230
Convert 34646 (base 13) to base 10.
95543
-4aa (base 12) to base 13
-424
What is -10161 (base 7) in base 2?
-100110111101
Convert -1765 (base 12) to base 9.
-3765
What is 74ab (base 13) in base 3?
211012212
Convert 9245 (base 11) to base 7.
50526
-416 (base 11) to base 7
-1314
-30a21 (base 12) to base 4
-33202321
What is 1100000 (base 2) in base 10?
96
What is -13968 (base 11) in base 3?
-1000011020
What is -53573 (base 11) in base 6?
-1400323
What is 244562 (base 7) in base 8?
127517
What is 1152 (base 10) in base 13?
6a8
What is -1023011 (base 4) in base 15?
-1655
What is 100100 (base 2) in base 7?
51
What is 66 (base 7) in base 9?
53
-973 (base 10) to base 8
-1715
-1032002 (base 4) to base 7
-20363
What is 1113022 (base 4) in base 5?
134303
What is -40 (base 15) in base 16?
-3c
Convert -9f (base 16) to base 11.
-135
-2342 (base 5) to base 13
-209
What is -35786 (base 11) in base 10?
-51519
3a68 (base 13) to base 9
12426
-17781 (base 10) to base 2
-100010101110101
Convert -2672 (base 14) to base 16.
-1a6c
What is -1111442 (base 5) in base 3?
-222220202
-401 (base 10) to base 14
-209
-162b (base 15) to base 14
-1a46
Convert -27 (base 8) to base 6.
-35
What is -20ab (base 15) in base 7?
-26102
What is 10022 (base 3) in base 14?
65
What is -1c8 (base 16) in base 11?
-385
What is -7147 (base 10) in base 11?
-5408
Convert 673 (base 15) to base 11.
1106
What is 11564 (base 7) in base 2?
101111011011
111101001100100 (base 2) to base 10
31332
Convert 2072 (base 15) to base 11.
5174
What is -111111101110110 (base 2) in base 16?
-7f76
What is -102222 (base 3) in base 9?
-388
Convert -1111110012 (base 3) to base 6.
-344305
Convert -1312 (base 8) to base 9.
-873
-43a8 (base 13) to base 4
-2103121
654 (base 8) to base 7
1151
-21316 (base 10) to base 3
-1002020111
What is -110c1 (base 13) in base 15?
-9260
What is -10010111011011 (base 2) in base 14?
-3763
Convert 11b14 (base 13) to base 14.
bc70
Convert 350 (base 13) to base 6.
2352
17494 (base 14) to base 3
2222022002
1f5a (base 16) to base 11
6037
b76b (base 12) to base 13
91c1
Convert 1d8c (base 15) to base 16.
1920
What is -12011000 (base 3) in base 5?
-110003
Convert -10230130 (ba